 = -0*z - 603. Let u = z - -187. Is u a composite number?
True
Let p = 55 + -43. Suppose -p*y + 485 = -7*y. Is y a composite number?
False
Let c = 21 - 22. Let p be (52 + -4 + 5)*c. Is (p/2)/(2/(-8)) composite?
True
Let y(s) = -460*s - 14. Let t(z) = -153*z - 5. Let x(u) = 11*t(u) - 4*y(u). Is x(1) a composite number?
True
Suppose 2*u + 4*a = 272, 2*a - 659 = -5*u - a. Suppose -6*t - u = -t. Let g = t + 59. Is g a composite number?
True
Suppose 5*q = 4*d - 5130, -d = -6*d + 4*q + 6417. Is d composite?
True
Let f = -2966 + 5119. Is f prime?
True
Let i(s) = 77*s + 27*s + 5*s - 45. Is i(7) composite?
True
Let j be ((-9)/6)/(4/64*4). Let g(a) = -8*a**3 - 5*a**2 - 11*a - 11. Is g(j) prime?
False
Let l = -52 - -55. Suppose l*m = -3*m + 24906. Is m a composite number?
True
Let v(w) be the third derivative of w**4/2 + 7*w**3/6 - 9*w**2. Is v(8) a composite number?
False
Let f = -44 + -25. Is (1 + 110)*1*(-23)/f prime?
True
Let i = 11093 - 6184. Is i prime?
True
Let d(x) = -x**3 + 4*x**2 + 7*x - 10. Let m be d(5). Let a be 6 + 0 - (m - -2). Suppose -l - a*l = -385. Is l a composite number?
True
Let d(r) = 44*r**2 - 7. Let k be d(3). Let t = -63 + k. Is t a composite number?
True
Let h(y) = 10*y**2 + 12 + 5*y + 8*y - 1 + y**3. Let r be h(-9). Is 38/(r/(-23) - 1) prime?
False
Let l(i) = i**2 - 4*i + 2986. Is l(0) a composite number?
True
Suppose -h + 7529 = -5*p, -5*h + 29050 = -4*p - 8553. Is h a composite number?
True
Let x = 18770 + -5815. Is x composite?
True
Let j = -73 - -75. Suppose -3*o + j*i = -0*o - 3757, 3732 = 3*o + 3*i. Is o composite?
False
Let x(y) = y - 20. Let c be x(17). Let u = c + 5. Suppose 2*l = 5*r + 81, u*l = l - 4*r + 34. Is l a prime number?
False
Suppose 12 = -29*w + 27*w. Is (-2907)/w + (-3)/(-6) a composite number?
True
Let f(o) = o**2 + 8*o - 13. Let b be f(-11). Let p(s) = -s**3 + 28*s**2 - 8*s - 41. Is p(b) composite?
False
Let d(x) be the second derivative of -146*x**3/3 - 61*x**2/2 - 26*x. Is d(-5) prime?
True
Let u be 6/39 + (-162)/39. Let c = 6 + u. Is 298*c/(-12)*-3 prime?
True
Suppose 0 = 6*j + 1691 + 187. Is (j/(-3))/(1/39) a composite number?
True
Suppose -78993 = -59*j + 50*j. Is j composite?
True
Suppose 6*i = -8 + 20. Is (20/30)/(i/3309) a prime number?
True
Let w = 217 - 84. Let n = w - 328. Is 4/(-14) - n/21 a composite number?
True
Let k = -12 - -9. Let h(s) = -2*s + 2. Let f be h(k). Is ((-159)/(-2))/(6/f) composite?
True
Let q be 19900/(-25)*29/2. Is 6/(-27) - q/18 a composite number?
False
Let c be 248/(-10) - (-5)/(-25). Let q be c*(6/(-15) - -4). Let y = q + 169. Is y a composite number?
False
Suppose -21 = -4*u + v, 3*v + 6 = -u - 5. Suppose -u*s + 1611 + 1513 = 0. Is s a prime number?
False
Let b(m) = -11*m + 6. Let x(n) = n**3 + 6*n**2 - 5*n + 3. Let k be x(-7). Is b(k) a composite number?
False
Suppose -4*s = -814 - 738. Let c = -193 + s. Let v = c - 89. Is v composite?
True
Is ((-5)/2)/((-3)/(-6)) + 1024 a prime number?
True
Let j = 432 + 2177. Is j a prime number?
True
Let a(j) be the third derivative of 0 - 7/6*j**3 + 37/8*j**4 + 0*j - 4*j**2. Is a(3) a composite number?
True
Suppose -1370 - 1510 = 9*y. Suppose 422 + 271 = v. Let j = v + y. Is j composite?
False
Let k = -13203 + 50168. Is k composite?
True
Let w(r) = -r**3 - 10*r**2. Let n be w(-10). Suppose -4*i + 384 + 700 = n. Is i prime?
True
Suppose -28571 = -20*d - 5151. Is d composite?
False
Let u(r) = 251*r**3 + 3*r**2 + 2*r - 5. Let d be -2*-5*((-57)/15 - -4). Is u(d) a prime number?
False
Suppose -7*x = -2*x + 4*o - 16741, 4*x - 3*o = 13399. Is x a prime number?
False
Let k = -2 + 4. Suppose s - k*b - 2473 = -2*s, -4*s + b + 3294 = 0. Let l = s - 236. Is l composite?
False
Let o(j) = -j**3 - 7*j**2 - 18*j - 29. Let p be o(-12). Suppose -f + 907 = -5*r, -f - r + 5*r = -p. Is f a composite number?
False
Suppose 0 = 2*n + f - 755, 5*f - 320 = -n + 62. Let x = 1918 - n. Is x prime?
False
Suppose 3*c = -5*a + 21017, -4*a - c + 16820 = 3*c. Is a a prime number?
True
Suppose 20564 = 21*k - 29017. Is k a composite number?
True
Suppose -84047 = -5*y - 9*r + 13*r, 5*r - 67254 = -4*y. Is y a prime number?
True
Let t = 1 - -2. Suppose x - 55 = 4*s + s, -5*x - t*s = -191. Suppose y + 3 = x. Is y prime?
True
Is 0 - 6578/(-2) - 36/(-9) a composite number?
True
Let a(o) = 5705*o - 36. Is a(1) a prime number?
True
Let b(d) = 5*d**3 - d**2 - d - 5. Let x be b(4). Let i(g) = -g**3 + 2*g**2 - 4*g - 15. Let r be i(-7). Let o = r - x. Is o prime?
False
Suppose -16*l = -14*l - 3208. Let f = l - 910. Is f a composite number?
True
Let f be (-7)/(-21) + 2/3. Is -13 + 16 - (-389 - f) a composite number?
True
Suppose w - 6*w = -5*u + 12325, 4932 = 2*u - w. Suppose u = 2*x - x - 2*n, -n - 2470 = -x. Is x composite?
False
Let s be 15/10 + (-1)/(-2). Suppose -496 - 186 = -s*w. Is w a prime number?
False
Let j(h) = -258*h**3 - 20*h**2 - 8*h - 41. Is j(-7) a composite number?
True
Let u = 472 + -221. Is u prime?
True
Let p be (1/(-2))/((-1)/4). Let i be (-1)/(p/18) - 1. Is (i/6)/((-1)/21) prime?
False
Let f(n) = 1430*n**2 - 1. Is f(-3) composite?
True
Let k(a) = a**2 - 6*a + 4. Let x be k(6). Is x/(-6) + 930/18 composite?
True
Suppose m = -80 - 75. Let b be 8/(((-18)/(-6))/(-12)). Let o = b - m. Is o a prime number?
False
Let h(t) be the second derivative of -23*t**3/6 + 9*t**2 + 29*t. Is h(-8) prime?
False
Let y(u) = u**3 + 5*u**2 + 7*u + 4. Suppose 5*w + l + 13 = -15, 10 = w - 5*l. Let q be y(w). Is q/3*(-23 + 2) a composite number?
True
Suppose 5*d - 4*p - 1457 + 475 = 0, 0 = -2*d + 4*p + 388. Suppose 3*u = 2*x - 0*u - 505, u + 3 = 0. Let q = d + x. Is q a composite number?
True
Let d = -1226 - -2503. Is d a composite number?
False
Let l = 20 - 12. Suppose 16 = 4*g + l. Is 79/(2 + (-2)/g) a prime number?
True
Let i = 562 - 203. Let m = i + 0. Is m composite?
False
Let z = 50970 - 32431. Is z a prime number?
True
Is (-35 - -13)/(4/(-758)) prime?
False
Let u(h) = -697*h - 21. Is u(-16) composite?
False
Let r(n) = -6 + n - 1 + 55*n**2 + 6. Is r(3) a composite number?
True
Let p(r) = 2*r**2 - 9*r + 7. Let v be p(-24). Let a = v - 696. Is a composite?
True
Let a be ((-1014)/(-4))/((-3)/(-2832)*12). Suppose a = 4*x + 3*b, 10217 = 3*x - 5*b - 4754. Is x composite?
False
Let v = 28176 - 16793. Is v a prime number?
True
Let m be (4 - 0) + 7/((-21)/27). Is (291/6)/((-245)/50 - m) prime?
False
Suppose 0*x - 2*x = -12. Is 4 + (-3)/x*-1622 composite?
True
Suppose 5677 = 2*f - 13789. Is f a composite number?
False
Let m = 5119 - 2604. Is m a prime number?
False
Suppose -12*x + 84800 = -226372. Is x composite?
False
Let i = -125 - 2. Let m = i - -828. Is m a composite number?
False
Suppose 2*r + 3*x = 99 - 26, 2*r = 4*x + 52. Suppose -42 = -k - 3*u + r, -3*u = -15. Is k prime?
True
Is (-7 - -1) + (-36120)/(-15) a composite number?
True
Let o(t) = 4*t - 2. Let d be o(1). Let v be d/(-4) - 27/(-18). Let a(b) = 84*b**2 - b. Is a(v) a composite number?
False
Let c(o) be the third derivative of -o**6/60 - o**5/6 - 3*o**4/8 - o**3/2 + 14*o**2. Is c(-6) composite?
True
Suppose 6*t = 232957 + 163031. Is t prime?
False
Let i(l) = -157*l + 2. Let a be i(-1). Suppose 4*o = 149 + a. Is o prime?
False
Suppose -5*x - 48290 = -8*t + 5*t, 5 = t. Is x/10*2/(-1) a prime number?
True
Suppose -l - 2*l = 0. Suppose l*h + 8816 = 8*h. Suppose 4*k - r = -0*k + 4441, -3*r - h = -k. Is k a prime number?
False
Suppose -154862 = -21*u + 79855. Is u a composite number?
False
Let h(y) = 42*y**2 - 15*y - 16. Is h(9) a prime number?
True
Let x = 5533 + -2954. Is x a composite number?
False
Let g = 22 + -20. Is g/((-1572)/789 + 2) a prime number?
True
Is 81/(-54)*229186/(-3) a composite number?
False
Let t = -581 - -1123. Suppose 3*a - 2*d = 813, 4*d + t = a + a. Is a prime?
True
Let w(h) = -51*h**3 + 11*h**2 + 33*h + 5. Let s(r) = -25*r**3 + 5*r**2 + 16*r + 3. Let k(i) = 9*s(i) - 4*w(i). Is k(-6) a composite number?
False
Let b(d) = 16*d**3 - 4*d**2 + 5*d + 2. Let g be ((-3)/9)/(3 - (-112)/(-36)). Is b(g) composite?
True
Is 2991 + 48/18*3 prime?
True
Let h(f) be the third derivative of -f**6/24 + 7*f**5/60 + 7*f**4/24 + 3*f**3/2 + 15*f**2. Is h(-4) composite?
True
Suppose -3*v - 30 = 6*c - c, 2*v = c - 33. Let a be 2*(v/6 - -3). Is a*(55 + (-6)/3) composite?
False
Let p(q) = 9*q + 7. Let y be ((-13)/(-39))/(